{"id":216,"date":"2014-05-27T17:29:08","date_gmt":"2014-05-27T17:29:08","guid":{"rendered":"http:\/\/www.smartcentre.cat\/?page_id=216"},"modified":"2025-10-27T14:52:56","modified_gmt":"2025-10-27T14:52:56","slug":"smarts","status":"publish","type":"page","link":"http:\/\/www.smartcentre.cat\/?page_id=216","title":{"rendered":""},"content":{"rendered":"<ul>\n<li><a href=\"http:\/\/www.smartcentre.cat\/wp-content\/uploads\/2025\/10\/Pla-local-de-foment-de-la-lectura-de-Santa-Barbara.pdf\">Pla local del foment de la lectura de Santa B\u00e0rbara 2025<\/a><\/li>\n<li><a href=\"https:\/\/punttic.gencat.cat\/es\/coworking\" target=\"_blank\" rel=\"noopener\">Coworking<\/a><\/li>\n<li><a href=\"http:\/\/cataleg.atena.biblioteques.cat\/iii\/encore\/?lang=cat\">Pr\u00e9stec interbibliotecari<\/a><\/li>\n<li><a href=\"http:\/\/punttic.gencat.cat\/\" target=\"_blank\" rel=\"noopener\">Punt TIC<\/a><\/li>\n<li><a href=\"http:\/\/acticweb.gencat.cat\/ca\/\" target=\"_blank\" rel=\"noopener\">Centre col\u00b7laborador ACTIC<\/a><\/li>\n<li><a href=\"http:\/\/www.uoc.edu\" target=\"_blank\" rel=\"noopener\">Punt de suport UOC<\/a><\/li>\n<li><a href=\"https:\/\/biblioteca.ebiblio.cat\/ayuda\/E0360\/ca\/carnet.htm\" target=\"_blank\" rel=\"noopener\">Carnet de biblioteques<\/a><\/li>\n<li><a href=\"https:\/\/biblioteca.ebiblio.cat\/?locale=es\" target=\"_blank\" rel=\"noopener\">Biblio digital<\/a><\/li>\n<li><a href=\"http:\/\/www.smartcentre.cat\/wp-content\/uploads\/2016\/09\/Cartell-A-DOMICILI.pdf\" target=\"_blank\" rel=\"noopener\">Pr\u00e9stec a domicili<\/a><\/li>\n<li><a href=\"https:\/\/agenciamontsia.cat\/ocupacio\/\">Activa&#8217;t<\/a><\/li>\n<li><a href=\"https:\/\/serveiocupacio.gencat.cat\/ca\/inici\" target=\"_blank\" rel=\"noopener\">Suport SOC<\/a><\/li>\n<li><a href=\"http:\/\/catempren.gencat.cat\/ca\/inici\" target=\"_blank\" rel=\"noopener\">Catalunya Empr\u00e8n<\/a><\/li>\n<li><a href=\"http:\/\/www.reempresa.org\" target=\"_blank\" rel=\"noopener\">Reempresa<\/a><\/li>\n<li><a href=\"https:\/\/i2cat.net\/projects\/collaboratory-cat-sud\/\" target=\"_blank\" rel=\"noopener\">SmartLAB<\/a><\/li>\n<li><a href=\"https:\/\/www.aoc.cat\/knowledge-base\/on-es-pot-obtenir-lidcat\/\" target=\"_blank\" rel=\"noopener\">Entitat de Registre idCAT<\/a><\/li>\n<li><a href=\"https:\/\/biblioteques.gencat.cat\/ca\/el-servei-de-biblioteques\/linies-dactivitat\/promocio_lectura_cultura\/projectes\/Labdoo\">Labdoo reciclatge de dispositius a les biblioteques p\u00fabliques<\/a><\/li>\n<\/ul>\n","protected":false},"excerpt":{"rendered":"<p>Pla local del foment de la lectura de Santa B\u00e0rbara 2025 Coworking Pr\u00e9stec interbibliotecari Punt TIC Centre col\u00b7laborador ACTIC Punt de suport UOC Carnet de biblioteques Biblio digital Pr\u00e9stec a domicili Activa&#8217;t Suport SOC Catalunya Empr\u00e8n Reempresa SmartLAB Entitat de Registre idCAT Labdoo reciclatge de dispositius a les biblioteques p\u00fabliques<\/p>\n","protected":false},"author":1,"featured_media":0,"parent":0,"menu_order":0,"comment_status":"closed","ping_status":"closed","template":"","meta":{"footnotes":""},"class_list":["post-216","page","type-page","status-publish","hentry"],"_links":{"self":[{"href":"http:\/\/www.smartcentre.cat\/index.php?rest_route=\/wp\/v2\/pages\/216","targetHints":{"allow":["GET"]}}],"collection":[{"href":"http:\/\/www.smartcentre.cat\/index.php?rest_route=\/wp\/v2\/pages"}],"about":[{"href":"http:\/\/www.smartcentre.cat\/index.php?rest_route=\/wp\/v2\/types\/page"}],"author":[{"embeddable":true,"href":"http:\/\/www.smartcentre.cat\/index.php?rest_route=\/wp\/v2\/users\/1"}],"replies":[{"embeddable":true,"href":"http:\/\/www.smartcentre.cat\/index.php?rest_route=%2Fwp%2Fv2%2Fcomments&post=216"}],"version-history":[{"count":44,"href":"http:\/\/www.smartcentre.cat\/index.php?rest_route=\/wp\/v2\/pages\/216\/revisions"}],"predecessor-version":[{"id":2208,"href":"http:\/\/www.smartcentre.cat\/index.php?rest_route=\/wp\/v2\/pages\/216\/revisions\/2208"}],"wp:attachment":[{"href":"http:\/\/www.smartcentre.cat\/index.php?rest_route=%2Fwp%2Fv2%2Fmedia&parent=216"}],"curies":[{"name":"wp","href":"https:\/\/api.w.org\/{rel}","templated":true}]}}